67
What are the prime factors of 77727?
3, 13, 1993
List the prime factors of 26071.
29, 31
List the prime factors of 75683.
75683
What are the prime factors of 8297?
8297
What are the prime factors of 20705?
5, 41, 101
What are the prime factors of 19065?
3, 5, 31, 41
What are the prime factors of 108984?
2, 3, 19, 239
List the prime factors of 7425.
3, 5, 11
List the prime factors of 9910.
2, 5, 991
What are the prime factors of 21771?
3, 41, 59
List the prime factors of 4797.
3, 13, 41
List the prime factors of 57444.
2, 3, 4787
List the prime factors of 509.
509
What are the prime factors of 5339?
19, 281
List the prime factors of 131.
131
List the prime factors of 2897.
2897
What are the prime factors of 177881?
11, 103, 157
List the prime factors of 373.
373
What are the prime factors of 571?
571
What are the prime factors of 2738?
2, 37
List the prime factors of 86300.
2, 5, 863
List the prime factors of 23488.
2, 367
List the prime factors of 25271.
37, 683
List the prime factors of 40313.
7, 13, 443
What are the prime factors of 34049?
79, 431
What are the prime factors of 74890?
2, 5, 7489
List the prime factors of 16361.
16361
List the prime factors of 21093.
3, 79, 89
List the prime factors of 15886.
2, 13, 47
What are the prime factors of 85102?
2, 17, 2503
List the prime factors of 1148.
2, 7, 41
List the prime factors of 324.
2, 3
What are the prime factors of 19022?
2, 9511
What are the prime factors of 83726?
2, 41863
List the prime factors of 97909.
7, 71, 197
What are the prime factors of 94999?
94999
List the prime factors of 520.
2, 5, 13
What are the prime factors of 1304?
2, 163
What are the prime factors of 17083?
11, 1553
What are the prime factors of 38652?
2, 3, 3221
What are the prime factors of 7194?
2, 3, 11, 109
What are the prime factors of 182499?
3, 127, 479
List the prime factors of 10306.
2, 5153
List the prime factors of 25566.
2, 3, 4261
What are the prime factors of 3113?
11, 283
What are the prime factors of 87?
3, 29
List the prime factors of 2140.
2, 5, 107
What are the prime factors of 1421?
7, 29
What are the prime factors of 664?
2, 83
What are the prime factors of 25918?
2, 12959
List the prime factors of 20739.
3, 31, 223
What are the prime factors of 2643?
3, 881
List the prime factors of 2850.
2, 3, 5, 19
List the prime factors of 81530.
2, 5, 31, 263
List the prime factors of 92240.
2, 5, 1153
List the prime factors of 1026.
2, 3, 19
List the prime factors of 6807.
3, 2269
List the prime factors of 8948.
2, 2237
What are the prime factors of 5729?
17, 337
List the prime factors of 19967.
41, 487
What are the prime factors of 2018?
2, 1009
List the prime factors of 833.
7, 17
What are the prime factors of 38982?
2, 3, 73, 89
List the prime factors of 12988.
2, 17, 191
List the prime factors of 12817.
7, 1831
List the prime factors of 4239.
3, 157
What are the prime factors of 76734?
2, 3, 7, 29
List the prime factors of 7808.
2, 61
What are the prime factors of 24790?
2, 5, 37, 67
What are the prime factors of 81?
3
What are the prime factors of 2967?
3, 23, 43
What are the prime factors of 72462?
2, 3, 13, 929
List the prime factors of 1092.
2, 3, 7, 13
List the prime factors of 11.
11
List the prime factors of 5688.
2, 3, 79
List the prime factors of 812.
2, 7, 29
List the prime factors of 5075.
5, 7, 29
List the prime factors of 20307.
3, 7, 967
List the prime factors of 22273.
22273
List the prime factors of 2058.
2, 3, 7
What are the prime factors of 1655?
5, 331
What are the prime factors of 25981?
25981
List the prime factors of 702.
2, 3, 13
List the prime factors of 11754.
2, 3, 653
What are the prime factors of 150?
2, 3, 5
What are the prime factors of 27084?
2, 3, 37, 61
What are the prime factors of 10930?
2, 5, 1093
List the prime factors of 555.
3, 5, 37
List the prime factors of 78.
2, 3, 13
List the prime factors of 9029.
9029
List the prime factors of 28379.
13, 37, 59
What are the prime factors of 13883?
13883
List the prime factors of 4548.
2, 3, 379
List the prime factors of 62765.
5, 12553
What are the prime factors of 2932?
2, 733
List the prime factors of 35498.
2, 17749
List the prime factors of 106097.
17, 79
What are the prime factors of 11125?
5, 89
List the prime factors of 27178.
2, 107, 127
What are the prime factors of 15541?
15541
What are the prime factors of 5771?
29, 199
List the prime factors of 135854.
2, 67927
List the prime factors of 1976.
2, 13, 19
List the prime factors of 2790.
2, 3, 5, 31
List the prime factors of 152145.
3, 5, 7, 23
What are the prime factors of 4817?
4817
List the prime factors of 630.
2, 3, 5, 7
What are the prime factors of 46855?
5, 9371
What are the prime factors of 8241?
3, 41, 67
What are the prime factors of 1453?
1453
What are the prime factors of 1761?
3, 587
What are the prime factors of 1030?
2, 5, 103
List the prime factors of 68532.
2, 3, 5711
What are the prime factors of 4275?
3, 5, 19
List the prime factors of 380.
2, 5, 19
List the prime factors of 6815.
5, 29, 47
What are the prime factors of 8085?
3, 5, 7, 11
What are the prime factors of 3553?
11, 17, 19
List the prime factors of 1395.
3, 5, 31
What are the prime factors of 2225?
5, 89
List the prime factors of 15131.
15131
What are the prime factors of 1330?
2, 5, 7, 19
What are the prime factors of 6623?
37, 179
List the prime factors of 36620.
2, 5, 1831
List the prime factors of 50012.
2, 12503
What are the prime factors of 13091?
13, 19, 53
List the prime factors of 6364.
2, 37, 43
What are the prime factors of 14564?
2, 11, 331
What are the prime factors of 10911?
3, 3637
List the prime factors of 685.
5, 137
List the prime factors of 434.
2, 7, 31
What are the prime factors of 10727?
17, 631
What are the prime factors of 2416?
2, 151
What are the prime factors of 5307?
3, 29, 61
List the prime factors of 771.
3, 257
List the prime factors of 12646.
2, 6323
What are the prime factors of 20965?
5, 7, 599
What are the prime factors of 1668?
2, 3, 139
What are the prime factors of 11287?
11287
List the prime factors of 3240.
2, 3, 5
List the prime factors of 10251.
3, 17, 67
List the prime factors of 3083.
3083
List the prime factors of 906.
2, 3, 151
List the prime factors of 191.
191
What are the prime factors of 970?
2, 5, 97
What are the prime factors of 414?
2, 3, 23
What are the prime factors of 40448?
2, 79
List the prime factors of 6499.
67, 97
List the prime factors of 6225.
3, 5, 83
List the prime factors of 998.
2, 499
List the prime factors of 8559.
3, 317
What are the prime factors of 5182?
2, 2591
List the prime factors of 6202.
2, 7, 443
List the prime factors of 237.
3, 79
List the prime factors of 1358.
2, 7, 97
What are the prime factors of 7931?
7, 11, 103
What are the prime factors of 2516?
2, 17, 37
List the prime factors of 33250.
2, 5, 7, 19
What are the prime factors of 6571?
6571
List the prime factors of 3459.
3, 1153
List the prime factors of 1828.
2, 457
What are the prime factors of 26357?
26357
List the prime factors of 246.
2, 3, 41
What are the prime factors of 2304?
2, 3
What are the prime factors of 2885?
5, 577
What are the prime factors of 548?
2, 137
List the prime factors of 1008.
2, 3, 7
What are the prime factors of 5480?
2, 5, 137
What are the prime factors of 1174?
2, 587
List the prime factors of 598.
2, 13, 23
What are the prime factors of 35024?
2, 11, 199
List the prime factors of 113271.
3, 17, 2221
What are the prime factors of 185331?
3, 163, 379
List the prime factors of 30286.
2, 19, 797
List the prime factors of 1424.
2, 89
List the prime factors of 13892.
2, 23, 151
List the prime factors of 3576.
2, 3, 149
What are the prime factors of 708?
2, 3, 59
List the prime factors of 6148.
2, 29, 53
List the prime factors of 6063.
3, 43, 47
List the prime factors of 5079.
3, 1693
List the prime factors of 7073.
11, 643
List the prime factors of 7156.
2, 1789
What are the prime factors of 19325?
5, 773
What are the prime factors of 29770?
2, 5, 13, 229
List the prime factors of 4137.
3, 7, 197
What are the prime factors of 9432?
2, 3, 131
What are the prime factors of 1091?
1091
List the prime factors of 11964.
2, 3, 997
What are the prime factors of 410?
2, 5, 41
List the prime factors of 221.
13, 17
What are t